 -4*f + 91940. What is the greatest common divisor of f and 67?
67
Let k = 5151 + -5129. Let h be (-2 - (4 + -5))*(1 - 452). Calculate the greatest common divisor of h and k.
11
Let f be (-74)/(-999) - (-84776)/54. What is the greatest common factor of f and 20?
10
Let c(h) = h**3 - 13*h**2 + 23*h - 1413. Let k be c(28). What is the highest common factor of 58 and k?
29
Let b(c) = 18*c + 1. Let z be b(2). Suppose 0 = 2221*r - 2232*r + 10175. Calculate the highest common divisor of z and r.
37
Let o be (-949)/(-1) - 12/(-7 + 3). Suppose -172 = 13*b - o. Calculate the greatest common factor of b and 30.
30
Suppose 5*t - t - 5*u = 220, 52 = t - 2*u. Let w(j) = -j**2 - 13*j - 5. Let k be w(-10). Calculate the greatest common factor of k and t.
5
Let y(d) = d**3 - d**2 + 245*d + 1712. Let p be y(0). Calculate the greatest common divisor of 288 and p.
16
Let a = 924 - -183. What is the greatest common divisor of a and 54?
27
Suppose -4*m - 22 = 2*f, -3*f - 2*f - 25 = 4*m. Let z(i) = 483*i**2 - 8*i - 7. Let o be z(f). Calculate the greatest common factor of o and 44.
44
Suppose -136 = -w + 117. Let s = -285 - -282. Let p be s + (-26)/(-6)*6. Calculate the greatest common factor of p and w.
23
Let i be (-58296)/16*4/18*(-5 + -1). What is the highest common divisor of 56 and i?
14
Let p = -8392 + 8806. What is the greatest common factor of p and 7659?
207
Let j(d) = -3*d - 4. Let z be j(-5). Let a be 168/(-48)*(-12)/7. Suppose -312 + 840 = a*g. What is the greatest common divisor of g and z?
11
Let r = -1111 - -1173. Calculate the highest common divisor of 22 and r.
2
Let x = -19 - -35. Let y(q) = -x*q**2 + 0 + 24*q**2 - 4*q + 0. Let p be y(-4). Calculate the highest common factor of p and 18.
18
Suppose -6*x + 68 = 4*f - 118, 3*f - 132 = 3*x. Calculate the highest common divisor of f and 4995.
45
Suppose -f + 8 = 8*a - 4*a, -3*f = -5*a - 75. Let g = 11982 + -11802. Calculate the highest common divisor of f and g.
20
Suppose 4*w - 201 = 3*h, -h = 5*w + 1377 - 1652. Calculate the highest common divisor of w and 1053.
27
Suppose 3*c - 4*m - 52 = 0, -4*c + 10*m - 9*m + 65 = 0. What is the highest common factor of c and 2056?
8
Let i be (-1)/(2123919/(-92344) - -23). Calculate the highest common factor of 16 and i.
8
Suppose 0*d = -5*d + 260. Suppose -43*y + 5*o + 1148 = 0, -4*o - 67 = -5*y + 87. What is the highest common factor of y and d?
26
Suppose -26730 = 1703*u - 1718*u. Calculate the highest common factor of u and 36.
18
Let w(i) be the third derivative of i**5/15 + 2*i**4/3 - 29*i**3/6 - 27*i**2. Let a be w(7). Calculate the greatest common divisor of 31 and a.
31
Let z(a) = 22*a**3 + 39*a**2 - 14*a - 1. Let v be z(5). Calculate the greatest common divisor of 58 and v.
58
Suppose 5*v + 24*a - 21*a + 3743 = 0, -755 = v - a. Let x = -742 - v. Let k be 86/10 - (-4)/10. What is the greatest common factor of k and x?
9
Suppose -2*l = -3*h + 30 + 15, -l = 3*h. Let q = 37 + l. Let r(i) = -i**3 + 12*i**2 - 15*i - 3. Let w be r(3). Calculate the greatest common factor of q and w.
11
Suppose -598 - 1002 = -8*m. What is the highest common factor of 2440 and m?
40
Let b(w) = 117*w + 6960. Let a be b(102). What is the highest common divisor of 141 and a?
141
Let l = -210 - -280. Let f = -877 - -1262. What is the highest common factor of l and f?
35
Let l = 7959 - 7308. Calculate the greatest common factor of l and 1767.
93
Suppose j + 1112 = 6*j + 4*g, 0 = 2*j - 5*g - 458. Suppose 9*x + 5*x = j. Calculate the highest common divisor of x and 368.
16
Suppose -3*a + 5*a + 8 = 0, -a = -3*c + 19. Suppose -3*y + 100 = -c*g, -32*g + 33*g - 204 = -5*y. Calculate the greatest common factor of 700 and y.
20
Let c(h) = 39*h + 1870. Let f be c(-40). What is the highest common factor of 40 and f?
10
Suppose 0 = -2*a - 2*m - 383 + 151, 113 = -a + 2*m. Let x = -98 - a. What is the greatest common factor of x and 51?
17
Suppose -13 + 1 = -4*r. Let m be (77 + -2)/5*r. Suppose -36 = -4*o + p, -5*o - 4*p + m = -0*o. Calculate the highest common divisor of 27 and o.
9
Let a(n) = -659*n - 2622. Let j be a(-4). What is the highest common divisor of j and 9121?
7
Let h = 831 - 262. Let g = 856 - h. Calculate the greatest common factor of g and 164.
41
Let l(q) = -10*q + 30. Let i be l(0). Let g be 3/(2 - i/24). What is the highest common divisor of 3 and g?
1
Suppose 0 = -4*w - 4, 50*y = 51*y - 2*w - 3138. Calculate the highest common factor of 147 and y.
49
Suppose -4*g - c - 11 = 0, -2*g + 5 = -3*g - c. Let n be (-60)/18*15/g. Suppose -135 = -38*y + 11*y. What is the greatest common factor of n and y?
5
Let s = -1427 - -2315. Let y be (4/(-6))/(4424/s + -5). Calculate the highest common divisor of y and 333.
37
Let x = 5524 - 5470. What is the greatest common divisor of x and 4122?
18
Let s = 29 - 64. Let t be (s - 1)*(-2)/(-4). Let a be (0 + t/(-8))/((-6)/(-32)). Calculate the highest common divisor of 3 and a.
3
Suppose 0 = -3*o - 4*d + 5233, -150*o + 148*o = d - 3482. What is the greatest common divisor of o and 94?
47
Let t be (-13)/((-26)/(-2058))*18/(-42). What is the highest common factor of 18 and t?
9
Suppose -2*d + 5040 = 18*d. Suppose d = 32*s - 4*s. Calculate the highest common divisor of s and 189.
9
Let r be (-33 + -1)*(-169)/26. Let a(u) = 3*u + 10. Let l be a(14). What is the highest common divisor of l and r?
13
Suppose 4*b + 882 = 5*g, -30*g + 33*g - 5*b - 524 = 0. Let z = -42 + g. Calculate the highest common divisor of z and 612.
68
Let v = -2097 + 4442. What is the greatest common factor of v and 35?
35
Let l be (5 + -3)/((-2 + 1)/1). Let t be (l - (-1 - -1))*-8. Let y(o) = 3*o**2 - 2*o - 8. Let w be y(-4). Calculate the highest common factor of w and t.
16
Let p(s) = -s**3 - 2*s**2 - 7*s + 5632. Let w be p(0). Calculate the highest common divisor of 22 and w.
22
Suppose -4*v + 5*r = -54, -3*v + 8*v = 5*r + 65. Suppose v*s = 26*s - 30. What is the greatest common factor of 10 and s?
2
Let v be 9 - (-14 - -11 - (1 - 3)). Suppose 91 + 749 = 12*r. Calculate the highest common divisor of r and v.
10
Let z(n) = 17*n**3 - 10*n**2 + 28*n - 181. Let p be z(7). Calculate the greatest common divisor of 52 and p.
52
Let w(q) = 2*q**3 - 10*q**2 + 46*q - 203. Let f be w(5). Suppose 3*z - 3 = 2*z. Calculate the highest common factor of f and z.
3
Suppose -54*x + 18099 + 48105 = 0. Calculate the highest common factor of x and 2.
2
Let m be 70/(-6)*(-31 + -2). Let n = -27 + 27. Suppose 0*t - 4*w = 5*t - 183, n = -3*t - 5*w + 115. Calculate the highest common divisor of m and t.
35
Let y(h) = 32*h**2 - 4*h + 4. Suppose -5 = -10*n + 5. Let m be y(n). Let w be (-4)/(-6) - 862/(-3). Calculate the highest common factor of w and m.
32
Let d be (-164)/(-6) + (-26)/(-39). Let l(r) = -r**2 - 31*r - 38. Suppose 125 = -11*t - 73. Let s be l(t). Calculate the greatest common factor of d and s.
28
Let l(b) = -b**3 + 42*b**2 - 21*b - 107. Let z be l(41). What is the greatest common divisor of z and 161?
23
Suppose -214*l - 8 = -y - 212*l, 4*l = -4*y - 4. Suppose 5*d = -10, 8*t - y*d = 4*t + 48. Let o be 1*26/(-2)*-11. What is the highest common divisor of o and t?
11
Let f(v) = 10*v**2 - 16*v - 2. Let m be f(-3). Suppose 4*q = -4*j + m, 5*q = q - j + 130. What is the greatest common factor of 224 and q?
32
Let u be -1*(-1)/(-5) - (-9234)/(-30). Let q = 314 + u. What is the highest common factor of 38 and q?
2
Let w be (-15)/(6 - 5)*1. Suppose -4*u - 1384 = 3*j, -2*j = 5*u + 350 + 561. Let d be j/(-15) - (-1)/(w/(-12)). What is the highest common divisor of d and 4?
4
Let m = -5591 - -5542. Let n(u) = -11*u - 1. Let t be n(3). Let c = t - m. What is the greatest common factor of c and 10?
5
Let d = 803 - 428. Suppose 5*m + 63 = s, -17*s + d = -12*s - 5*m. What is the highest common factor of s and 104?
26
Let c be (-30)/(-150) + (-2)/(-15) + (-15470)/(-21). What is the highest common divisor of 1273 and c?
67
Suppose 2*r + 13*r - 4500 = -5*r. Suppose 5*s = 20, -3*p + 0*p = 2*s - 278. What is the highest common divisor of p and r?
45
Suppose x - c - 490 = 0, -c = x - 465 - 29. Calculate the highest common divisor of x and 36.
12
Suppose -11 = c - 33. Suppose 0 = 4*a - b - c, -6*a + 3*a + 11 = 2*b. What is the greatest common divisor of a and 25?
5
Let u = 7587 + -7163. Calculate the hig